6). Let i(m) = -m**3 - 7*m**2 - 14*m - 6. Let x be i(-6). Let n = x - p. What is the units digit of n?
4
Suppose 2*m + 4*p = -3*m + 124, 0 = 3*m + p - 73. Suppose 2*s + 2*s = m. What is the units digit of s?
6
What is the units digit of (18/5 + -3)/(7/210)?
8
Suppose 1342 = 7*k - 1122. What is the hundreds digit of k?
3
Let y(b) = 4*b**2 + 2*b - 4. What is the units digit of y(-3)?
6
Let y = 2 - 1. What is the units digit of (-31 + y)*(-8)/10?
4
Suppose -2*v = 14 + 6. Let b = v - -25. What is the tens digit of b?
1
Suppose m - 5*m - 16 = 0. Suppose 4*p + p - 20 = -u, -3*p = 4*u + 5. Let t = p - m. What is the units digit of t?
9
Let k = -16 + 30. Suppose 3*y = y + k. What is the units digit of y?
7
Let c = 61 - 1. Suppose 2*w = -3*w - 2*q + c, -4*w - 2*q + 50 = 0. Let x(g) = g**3 - 10*g**2 + 5. What is the units digit of x(w)?
5
Suppose 0*v - 4*v - 2*m = 0, 5*m = -4*v. Suppose 3*g - 26 - 7 = v. Suppose 0 = 4*f + 3 - g. What is the units digit of f?
2
Let o(q) = 3*q**2 + 5*q + 2. Let j be o(-4). Let y = 44 - j. What is the units digit of y?
4
Let l(a) = 9*a**2 + 5*a. Let z(g) = -4*g**2 - 3*g. Let x be 10/5 - (1 - 6). Let b(t) = x*z(t) + 4*l(t). What is the units digit of b(-1)?
9
Let i be 254/(-12) - 1/(-6). What is the units digit of i/(-14)*(-16)/(-6)?
4
Suppose -3*y - 3*q = 0, y + 2*q - 3 = -6. Suppose -3*x - 2*x + 25 = 0, 80 = 5*i + y*x. What is the tens digit of i?
1
Let q be (2/(-8))/(1/(-4)). Let o be 2/(-9) - (-130)/18. Let f = q + o. What is the units digit of f?
8
Let f(g) = -29*g - 10. What is the units digit of f(-4)?
6
Let b(j) = 2*j**3 + 5*j**2 + 4*j - 3*j**3 - 7*j + 2. Let f = 5 - 1. What is the units digit of b(f)?
6
Let t = -3 + 6. Let d(j) = -6 - 5*j**2 - 2*j**t - 7*j + j**3 + 0. What is the units digit of d(-4)?
6
Let m(w) be the first derivative of -w**2/2 + 2. Let s be m(-3). Suppose 1 = n - s. What is the units digit of n?
4
Let x = 5 + 11. Suppose 0 = 5*s - x - 84. What is the tens digit of s?
2
Let v(z) = 26 + 0*z - 3*z + z**3 + 2*z. What is the units digit of v(0)?
6
Suppose 2*z - 182 = -2*p, 3*z + 303 + 136 = 5*p. What is the units digit of p?
9
Let n(g) be the second derivative of -g**2 + g**3 + 0 + 2*g - 1/12*g**4. What is the units digit of n(5)?
3
Suppose 2*n - 50 = 5*n - 5*l, 4*l - 52 = 3*n. Let d be 2/3 - n/15. Suppose -b = -3*r + d*r + 3, r + 3 = -5*b. What is the units digit of r?
2
Let i = 337 + 3. What is the tens digit of i?
4
Let d(n) = n**2 - 2*n - 1. Suppose -2*a + 36 = 4*f + 2*a, -3*a = f - 19. What is the units digit of d(f)?
7
Suppose 10 + 5 = 5*s. Suppose 0 = y - s*f - 12, -2*f - 15 = -4*y - f. Suppose 0 = g - y*g + 14. What is the units digit of g?
7
Let y be ((-9)/(-3) - -1) + 2. Suppose -q + y*b - 2*b + 11 = 0, -2*q = -4*b - 18. Suppose q*u - 4*u = 3. What is the units digit of u?
1
Let s(i) = -i**3 - 5*i**2 + 5*i + 7. Let r be s(-5). Let m = 46 + r. What is the units digit of m?
8
Suppose -n = 3*q - 4*q + 28, 3*q - 4*n - 83 = 0. What is the tens digit of q?
2
Let a = -7 - -9. Suppose -a*s + 20 = -18. What is the tens digit of s?
1
Suppose 512 = 3*o + q + 151, -2*o + 254 = -2*q. What is the units digit of o?
2
Let z(d) = -4*d + 4. Let k(l) = -4*l + 5. Let h(y) = -3*k(y) + 4*z(y). Let t be h(2). What is the units digit of t*(2 + -1)*-1?
7
Let s(v) be the first derivative of v**2/2 + 4*v + 2. Let l be s(-3). Let p = l + 19. What is the tens digit of p?
2
Let y = 16 + -4. Suppose -u + 3*j = -y - 6, 35 = 2*u - 5*j. What is the units digit of u?
5
Let b = -125 - -178. What is the tens digit of b?
5
Let z(r) = r**2 - 3*r + 1. What is the units digit of z(4)?
5
Let t be -3 + (0 - -1) + 147. Suppose 5*b - t = -5*u, 0 = -b + 4*u + 13 + 11. What is the units digit of b?
8
Suppose 2*p + 100 = 7*p. Let l = -6 + p. What is the tens digit of l?
1
Suppose s = -3*b - 5, 4*b = -2*s - 11 + 5. Let w(d) = 41*d**3 - d**2 + d - 1. What is the units digit of w(s)?
0
Suppose 10 = -2*d, 4*y + 5*d = -0*y - 25. Suppose -4*p + 77 - 17 = y. What is the tens digit of p?
1
Let n = 14 - 12. Suppose 0 = -n*d + 3*d - 15. What is the tens digit of d?
1
Let x(u) be the first derivative of -2*u**3 - 1. Let r be x(-1). What is the units digit of 1/((r/(-2))/6)?
2
Let y = -18 - 0. Let t be 29 - 2 - (-3)/(-3). Let r = y + t. What is the units digit of r?
8
Suppose -5*y - n = -15 - 1, 4*y - 15 = -3*n. What is the units digit of y?
3
Let w(z) = -z + 12. Suppose 0 = -3*b - 3*l + 8 + 19, -29 = -4*b + 3*l. Let h be w(b). Suppose 2 = 3*d - h. What is the units digit of d?
2
Suppose -5*u - 2*w = -158, 4*u - 4*w - 93 - 39 = 0. What is the tens digit of u?
3
Let p(l) = 10*l**2 + 1. Let q(h) = h**3 - 2*h**2 + h - 1. Let j be q(2). Suppose 0 = -x - 0*x - j. What is the units digit of p(x)?
1
Let a = -486 - -682. What is the hundreds digit of a?
1
Let g be (-3)/(-6)*-2 - 2. Let c = g + 6. Suppose 0 = r - 2*r + c. What is the units digit of r?
3
Suppose 0*f = 3*f - 75. Let h = f + -9. What is the tens digit of h?
1
Suppose -2*c + s + 2 + 5 = 0, -29 = -4*c - 3*s. Suppose 4*u + 21 = c*u. Let l = u - 9. What is the tens digit of l?
1
Suppose 5*g - 3*p - 359 = 192, 0 = -g + 4*p + 100. What is the units digit of g?
2
Let p(z) = 12*z - 1. Let t be ((-3)/(-2))/(39/52). What is the tens digit of p(t)?
2
What is the tens digit of -42*9/((-162)/96)?
2
Let z = 11 - 20. What is the units digit of 3/z*0 + 3?
3
What is the tens digit of -175*(5 - 174/30)?
4
Suppose v + 3*g = -0*g, 0 = -2*v + 5*g. Suppose -4*d + v*d = -40. What is the units digit of d?
0
Let t(v) = v**3 + v**2 + 4. Let n = 2 + -2. Let w be t(n). Suppose -w*m = -8, -22 + 4 = -2*u + 2*m. What is the units digit of u?
1
What is the units digit of 3/(0 - (-6)/40)?
0
Let s(u) = -u - 5. Let i be s(-7). Let g = i + -4. What is the units digit of (g + 1)/(2/(-14))?
7
Let f(p) = -6*p**2 + 0 + 1 - 3 + p**3 + p. Let a(j) = 2*j**3 - 4*j**2 + 3*j. Let y be a(2). What is the units digit of f(y)?
4
Let q(h) = -h + 1. Let z be q(-3). Suppose -z*t = t. Suppose 5*i - 4*j + 2*j + 1 = t, 5*j - 10 = 5*i. What is the units digit of i?
1
Let g be 1*(8 - (-4 + 8)). Let k(c) = 2*c**2 - 5*c - 4. What is the units digit of k(g)?
8
Suppose 2*n - 26 = -3*u, 0 = 5*u - n - 12 - 27. Suppose -5*v - 24 = -3*r + 42, -r - 3*v = -u. What is the units digit of r?
7
Suppose 0 = 2*p - p. Let u = p + 1. What is the units digit of u?
1
What is the units digit of 1672/165 + (-4)/30?
0
Let r = 13 + -8. Suppose -3*n + 37 = 3*k - r*n, -4*n = 4*k - 16. What is the units digit of k?
9
Let o(h) = -h**3 - 7*h**2 - 6*h + 1. Let t be o(-6). Let x be -1 + 1 + -18*t. Let s = x - -25. What is the units digit of s?
7
Let b be (-4)/16 + 2*61/8. Suppose -2*d = -4*d + 56. Let g = d - b. What is the units digit of g?
3
What is the tens digit of 104/(-3)*3/(-2)?
5
Let g = -194 - -314. What is the tens digit of g?
2
Suppose 7*b - 6*b - 46 = 0. What is the units digit of b?
6
What is the tens digit of (78/(-18) + 6)*(197 - -1)?
3
Let c = 11 - 9. Suppose 0 = -c*p + 6*p - 64. What is the units digit of p?
6
What is the tens digit of 1 + 11/(22/36)?
1
Let s = 130 + -90. What is the units digit of ((-24)/(-20))/(6/s)?
8
Let h(l) = -l**3 + 4*l**2 - 4*l + 3. Let x be h(2). Suppose x*z = 4*b - 3 + 2, -2*b = -4*z + 12. What is the units digit of b?
4
Suppose 3*j + 15 = 3*k - 48, 2*k = j + 41. Suppose -4*q + t - 4 = 0, -k = -2*q + 5*t - 4. Let v = 4 + q. What is the units digit of v?
2
Let b be -2 - -2*37/2. Let v = b - 13. What is the tens digit of v?
2
Let x(w) = -2*w**2 + 27*w + 29. Let l(u) = u**2 - 13*u - 14. Let h(q) = -7*l(q) - 3*x(q). What is the units digit of h(10)?
1
Let k(v) be the first derivative of -v**3/3 - 9*v**2/2 - 8*v - 2. What is the tens digit of k(-6)?
1
Let b(w) = 6*w + 9. What is the units digit of b(5)?
9
What is the hundreds digit of ((-5)/(-2))/(8/2800*7)?
1
What is the tens digit of ((-429)/(-1))/3*1?
4
Let j(q) = 3*q**2 - 6*q - 5. Let c(r) = -8*r**2 + 19*r + 15. Let w(y) = 4*c(y) + 11*j(y). What is the units digit of w(-10)?
5
Suppose 3*d - 50 = 2*r, 49 - 3 = 3*d + 2*r. Let g = 29 - d. What is the units digit of g?
3
Let j(q) = 7*q**2 - 2*q + 6. Let w(c) = 20*c**2 - 5*c + 17. Let h(x) = -17*j(x) + 6*w(x). Let a be h(-6). Suppose -3*u + a = -2*u. What is the units digit of u?
2
Let o = -23 + 21. What is the tens digit of 35/o*12/(-5)?
